+ 7388 = -5*g, 2*t - 3654 = 3*g + 1270. What is the tens digit of t?
5
Let u = 128 + 211. What is the hundreds digit of u?
3
What is the tens digit of 1*((-5188)/(-12) + 5/(-15))?
3
Let x(a) = -2*a + 2. Let p(n) = n - 3. Suppose 6 = -3*l + l. Let z(j) = l*p(j) - 2*x(j). What is the units digit of z(4)?
9
Suppose 3*u - 5*b = -7729, -3*u + 4*b = -8*u - 12820. Let w = 3708 + u. What is the units digit of w/27 - 10/45?
2
Suppose 39*z + 11*z - 51600 = 0. What is the thousands digit of z?
1
Suppose -7*s - 10*s = -29631. Suppose -3*j + s = 4*j. What is the hundreds digit of j?
2
What is the hundreds digit of 9 - 9 - (-1797 - (2 + -5))?
7
Let v be (7 - (-6)/(-2)) + -30. Let u = -38 - v. Let d = u - -19. What is the units digit of d?
7
Suppose 3*y = -y + 100. Suppose -183 = -y*j + 22*j. What is the units digit of j?
1
Suppose 0*n = -n + 8. Suppose 2*k - n = -0*k. Suppose 2*a + b = -a + 97, 0 = 5*a - k*b - 139. What is the units digit of a?
1
Suppose p - 7 = -2, -3*n - 4*p + 44 = 0. What is the units digit of 6/n - 189/(-36)?
6
Suppose -15*o + 1366 = -28634. What is the tens digit of o?
0
Suppose 14*k - 53*k + 34944 = 0. What is the hundreds digit of k?
8
Suppose -4*h = 4*y - 1300, 5*h - 2*h + 945 = 3*y. Suppose -4*s + 390 = 5*d, 70 + y = 5*d - 3*s. What is the units digit of d?
8
Let p(m) = -2636*m - 60. What is the thousands digit of p(-1)?
2
Suppose -g + 5*x + 404 = 0, -3*g + 6*x - 3*x = -1236. What is the tens digit of g?
1
Suppose 7 + 3 = -5*m. Let k be 1*-1 - (41 - 3). What is the units digit of k/m*48/36?
6
Suppose 11*h - 1412 = 3010. What is the hundreds digit of h?
4
Let q(z) be the second derivative of -5*z**3/6 + 10*z. Let w be q(-1). Suppose 192 = 6*k - 3*k - 5*f, -3*f + 286 = w*k. What is the tens digit of k?
5
Suppose -9*i + 265 = -5279. What is the units digit of i?
6
Let r(b) = -b**3 + 13*b**2 + 18*b - 26. What is the tens digit of r(13)?
0
Let u = 26 + -9. Let q = 21 - u. Suppose -z + q*z = 186. What is the units digit of z?
2
Let g be (-4)/14 - (-40)/140. Suppose g = 4*y - 8, 5*y = 3*z - 382 - 154. What is the units digit of z?
2
Let r = 9589 - 6770. What is the units digit of r?
9
Let z = -31 + 26. Let j be 8 + z/(5/4). Suppose 0 = -2*v + j*m + 150, -119 = -3*v + 4*m + 100. What is the tens digit of v?
6
Suppose -3*d - 6 = 0, -5 = -2*g + 3*g + 4*d. Suppose 4*m + g*q = -2*q + 753, 3*m - 551 = -q. What is the tens digit of m?
8
Let k = -365 + 422. What is the tens digit of k?
5
Let g = 20 - 13. What is the units digit of (2 + g)*10/6?
5
Let b = -33 - -27. Let f be 78*2*3/b. Let z = 126 + f. What is the tens digit of z?
4
Let f = 12 - 10. Let a(u) = -f - 4 - u**2 - 4*u - 7*u - u. What is the units digit of a(-9)?
1
Let b be (-21)/105 + (-36)/(-10)*7. What is the tens digit of (-810)/(b/(-5)) + 3?
6
Suppose 2*j + 3*x - 3555 = 0, 0 = 5*j + 12*x - 8*x - 8870. What is the units digit of j?
0
Let n be 1/(0 + -1) + 20. Let y be (-6)/((-8)/7 + 1). Let q = y - n. What is the tens digit of q?
2
Let d(h) = 4*h**2 - 5*h + 5. Let o be ((-5)/3)/(1/(-3)). What is the units digit of d(o)?
0
Suppose -3369 = -4*b - 33. What is the hundreds digit of b?
8
Suppose 2*h + 2*h - 8443 = 3*q, -2*h + 4*q + 4214 = 0. What is the tens digit of h?
1
Let u(q) = 8*q**2 + 2*q - 2. Let l be u(1). Let i(w) = -59 + 60 - 9*w - l*w. What is the units digit of i(-3)?
2
Let b = -17 + 14. Let c(k) = -k - 3. Let w be c(b). Suppose w = -d + 3, 2*d + 35 = 2*m - m. What is the units digit of m?
1
Suppose 23*o + 528 = 26*o. Suppose 5*k - 889 = -4*s, 3*k = 4*k - s - o. What is the units digit of k?
7
Let x(t) = -t**2 + 2*t + 45. Suppose -7*r + 10*r = 0. What is the tens digit of x(r)?
4
What is the units digit of 495 + (-4)/(-6)*225/(-50)?
2
Suppose 6*j = 15*j + 720. Let u = -71 - j. What is the units digit of u?
9
Let x be 0/1*3/(-15). Suppose 9*q = -x*q + 1395. What is the units digit of q?
5
What is the tens digit of 2588 - 2*(-6)/4?
9
Let t be -2*(-4)/(8/(-51)). Suppose 0*r - 3*r - 90 = 0. Let m = r - t. What is the tens digit of m?
2
Let d = -27 - -27. Suppose -165 = -3*z - d*z + 3*v, 3*z = -3*v + 147. What is the tens digit of z?
5
Let j(i) = 13*i + 103. What is the tens digit of j(19)?
5
Suppose -28*s + 121170 = -7*s. What is the units digit of s?
0
Let i = 17 - 57. Let j = -18 - -75. Let u = i + j. What is the units digit of u?
7
Let l(b) = -4*b**2 - 3*b + 9 + 0*b**2 - 6 + 1 - b**3. Let r be l(-3). Suppose 0*h = r*h - 160. What is the tens digit of h?
4
Suppose 7*m - 57 = 4*m. Suppose -4 = -21*r + m*r. What is the units digit of r?
2
Let k(u) = 10*u**3 + 33*u**2 + 40*u + 6. Let y(t) = -3*t**3 - 11*t**2 - 13*t - 2. Let g(p) = -2*k(p) - 7*y(p). What is the tens digit of g(-5)?
9
Suppose -6*t + 80 = -2*t. Suppose 5*b + t = 4*h - 3*h, -5*b = 3*h. Suppose h*d - 2 = 43. What is the units digit of d?
9
What is the hundreds digit of (-2)/(-13) + 1218308/1183?
0
Let m(u) = u**2 - 7*u + 4. Let o be m(4). Let v be 2/o + (-321)/12. Let i = 64 + v. What is the tens digit of i?
3
Let v = 1057 - 583. What is the tens digit of v?
7
What is the hundreds digit of 702/312*(-424)/(-2)?
4
Let l(j) = -j + 25. Let m be l(19). Let z = 36 + m. What is the units digit of z?
2
What is the units digit of (95 - 102)*(-48 + 0)?
6
Let o(h) = -4*h**3 - 56*h**2 + 9*h + 15. What is the tens digit of o(-17)?
3
Suppose 32*l - 21927 = 58201. What is the units digit of l?
4
Suppose 4*r - 5*g = 3615, -4*g - 3513 = -4*r + 103. What is the tens digit of r?
0
What is the hundreds digit of (-16)/(-1*(-9)/(-882))?
5
Let c = -27 + 30. Suppose 3*l - c*k = -6*k + 3, -5*l + 4*k + 41 = 0. Suppose u = -l*i - 0*i + 39, 0 = 5*i + 3*u - 47. What is the units digit of i?
7
Let u = -75 + 41. Let q = 68 + u. What is the tens digit of q?
3
Suppose 11007 - 722 = 5*g. What is the units digit of g?
7
Let l(o) = -o**3 + 6*o**2 + 7*o + 5. Let q be l(7). Let y(b) = 6*b**2 + 7*b**2 + 6*b**2 - 17*b**2 + q + 8*b. What is the units digit of y(-5)?
5
What is the thousands digit of 11 - (-4 - 12480/8)?
1
Let v be 20/130 + 264/(-26). What is the units digit of (-2)/(-3*v/(-1065))?
1
Suppose 50 = -7*x + 12*x. Let f be (-2*2/(-1))/1. Suppose 0 = f*b - 146 - x. What is the tens digit of b?
3
Let r be ((-14)/3)/(4/(-60)). Suppose 0 = -t + 2*t + r. Let u = t - -104. What is the tens digit of u?
3
What is the hundreds digit of 180/108*(418 + 2)?
7
Let u be 1 + -1 + (-14)/(-7). Suppose -2*r + 5*c - u = 2*r, -5*r + c + 8 = 0. What is the units digit of (r + 9/(-1))/(-1)?
7
Suppose -2*d + z = 3*d - 13831, d + 2*z = 2775. What is the units digit of d?
7
Suppose -s + 4*j = -121, 0 = -7*j + 4*j. Let i = s - 35. What is the tens digit of i?
8
Suppose b + 5*n = 28, -4*b - 8 - 5 = -5*n. Suppose 0 = -3*s + 6, 70 + 176 = 4*l + b*s. What is the units digit of l?
0
Suppose -540 = -2*f + 732. Suppose -3*j - j = -f. Suppose 4*h - j - 45 = 0. What is the tens digit of h?
5
Suppose 0 = 14*p + 43 - 183. What is the tens digit of p?
1
Suppose 4*y - 17 = -77. Let r = y + 19. What is the units digit of 51/r - 9/12?
2
Let k be (2 + -3)/(2/14). Let t be 6/(((-42)/4)/k). What is the tens digit of 356/6 - t/(-6)?
6
What is the tens digit of (20/(-70) + 20/(-28))*-133?
3
Let z = 4 + -13. Let v(t) = t**2 + 4*t + 10. What is the units digit of v(z)?
5
Suppose -5*m = 3*r + 192, 46 = 5*m - 5*r + 206. Let v be 98/(-2)*m/21. Suppose 2*t - v = -t. What is the units digit of t?
8
Suppose -4*i + i - 15 = 0, b - 4*i - 23 = 0. Suppose 0 = b*x - 7*x + 56. What is the units digit of x?
4
Let x = -151 - -320. What is the hundreds digit of x?
1
Let h = 1193 + -1189. Let q(g) = 5*g**2. Let k be q(1). What is the units digit of 1/(h*k/1420)?
1
Let p = 188 + 397. What is the hundreds digit of p?
5
Suppose -5*x - 9 = -24. Let i be -30*(x/(-6) - 0). Suppose 0 = 18*v - i*v - 159. What is the tens digit of v?
5
Suppose -t - 4*t + 20 = 0. Let k be 675/12 - 1/t. Let d = -33 + k. What is the units digit of d?
3
Let z = -23 - -27. Suppose -z*i = -5*j + 297, -i - 229 = 2*i - 5*j. What is the units digit of 5/(-10)*(2 + i)?
3
Let s = -67 - -55. What is the tens digit of (-3 + -1)*222/s?
7
Let l(f) = f + 18. Let t be (-6)/9*(-18)/(-4) - 9. What is the units digit of l(t)?
6
What is the hundreds digit of -6 - (-173 - -3) - 2?
1
Let v(c) = 10*c - 34*c - 2*c**2 - 20 + 5*c**2 + c**2. What is the hundre